{"id":264,"date":"2018-12-11T14:35:44","date_gmt":"2018-12-11T13:35:44","guid":{"rendered":"http:\/\/wp12927419.server-he.de\/gruenland\/?page_id=264"},"modified":"2019-02-10T15:41:53","modified_gmt":"2019-02-10T14:41:53","slug":"ausbildung-an-der-gruenlandschule","status":"publish","type":"page","link":"https:\/\/gruenlandschule.de\/wordpress\/miteinander-leben\/ausbildung-an-der-gruenlandschule\/","title":{"rendered":"Ausbildung an der Gr\u00fcnlandschule"},"content":{"rendered":"<div class=\"wpb-content-wrapper\"><p>[vc_row][vc_column width=&#8220;1\/6&#8243;][\/vc_column][vc_column width=&#8220;2\/3&#8243;][\/vc_column][vc_column width=&#8220;1\/6&#8243;][\/vc_column][\/vc_row][vc_column width=&#8220;1\/6&#8243;][\/vc_column][vc_column width=&#8220;2\/3&#8243;][vc_column_text]Die Gr\u00fcnlandschule ist Ausbildungsschule und betreut jedes Schuljahr bis zu 8 Studierende der PH Ludwigsburg und der PH Weingarten.<\/p>\n<p><span class=\"Apple-converted-space\">Wir freuen uns auf eine gute Zusammenarbeit! Und die Kinder freuen sich \u00fcber die Abwechslung, die zus\u00e4tzliche Unterst\u00fctzung und \u2013 ganz sicher \u2013 sp\u00e4testens \u00fcber die liebevoll gebackenen Abschiedsmuffins, mit der die Studenten und Studentinnen die Kinder manchmal \u00fcberraschen &#8230;<\/span>[\/vc_column_text][\/vc_column]<\/p>\n<\/div>","protected":false},"excerpt":{"rendered":"<p>[vc_row][vc_column width=&#8220;1\/6&#8243;][\/vc_column][vc_column width=&#8220;2\/3&#8243;][\/vc_column][vc_column width=&#8220;1\/6&#8243;][\/vc_column][\/vc_row][vc_column width=&#8220;1\/6&#8243;][\/vc_column][vc_column width=&#8220;2\/3&#8243;][vc_column_text]Die Gr\u00fcnlandschule ist Ausbildungsschule und betreut jedes Schuljahr bis zu 8 Studierende der PH Ludwigsburg und der PH Weingarten. Wir freuen uns auf eine gute Zusammenarbeit! Und die Kinder freuen sich \u00fcber die Abwechslung, die<\/p>\n","protected":false},"author":2,"featured_media":0,"parent":14,"menu_order":0,"comment_status":"closed","ping_status":"closed","template":"","meta":{"footnotes":""},"class_list":["post-264","page","type-page","status-publish","hentry"],"_links":{"self":[{"href":"https:\/\/gruenlandschule.de\/wordpress\/wp-json\/wp\/v2\/pages\/264","targetHints":{"allow":["GET"]}}],"collection":[{"href":"https:\/\/gruenlandschule.de\/wordpress\/wp-json\/wp\/v2\/pages"}],"about":[{"href":"https:\/\/gruenlandschule.de\/wordpress\/wp-json\/wp\/v2\/types\/page"}],"author":[{"embeddable":true,"href":"https:\/\/gruenlandschule.de\/wordpress\/wp-json\/wp\/v2\/users\/2"}],"replies":[{"embeddable":true,"href":"https:\/\/gruenlandschule.de\/wordpress\/wp-json\/wp\/v2\/comments?post=264"}],"version-history":[{"count":9,"href":"https:\/\/gruenlandschule.de\/wordpress\/wp-json\/wp\/v2\/pages\/264\/revisions"}],"predecessor-version":[{"id":713,"href":"https:\/\/gruenlandschule.de\/wordpress\/wp-json\/wp\/v2\/pages\/264\/revisions\/713"}],"up":[{"embeddable":true,"href":"https:\/\/gruenlandschule.de\/wordpress\/wp-json\/wp\/v2\/pages\/14"}],"wp:attachment":[{"href":"https:\/\/gruenlandschule.de\/wordpress\/wp-json\/wp\/v2\/media?parent=264"}],"curies":[{"name":"wp","href":"https:\/\/api.w.org\/{rel}","templated":true}]}}