{"id":14,"date":"2018-07-17T14:16:26","date_gmt":"2018-07-17T12:16:26","guid":{"rendered":"http:\/\/wp12927419.server-he.de\/gruenland\/?page_id=14"},"modified":"2019-02-12T09:55:42","modified_gmt":"2019-02-12T08:55:42","slug":"miteinander-leben","status":"publish","type":"page","link":"https:\/\/gruenlandschule.de\/wordpress\/miteinander-leben\/","title":{"rendered":"miteinander LEBEN"},"content":{"rendered":"<div class=\"wpb-content-wrapper\"><p>[vc_row][vc_column width=&#8220;1\/6&#8243;][\/vc_column][vc_column width=&#8220;2\/3&#8243;][vc_column_text]<div id=\"metaslider-id-370\" style=\"max-width: 1200px;\" class=\"ml-slider-3-105-0 metaslider metaslider-flex metaslider-370 ml-slider has-dots-nav ms-theme-default\" role=\"region\" aria-label=\"Miteinander Arbeiten\" data-height=\"450\" data-width=\"1200\">\n    <div id=\"metaslider_container_370\">\n        <div id=\"metaslider_370\">\n            <ul class='slides'>\n                <li style=\"display: block; width: 100%;\" class=\"slide-606 ms-image \" aria-roledescription=\"slide\" data-date=\"2019-02-04 18:20:26\" data-filename=\"schulfest_ausstellung_DWit-5117-1200x450.jpg\" data-slide-type=\"image\"><img loading=\"lazy\" decoding=\"async\" src=\"https:\/\/gruenlandschule.de\/wordpress\/wp-content\/uploads\/2019\/02\/schulfest_ausstellung_DWit-5117-1200x450.jpg\" height=\"450\" width=\"1200\" alt=\"\" class=\"slider-370 slide-606 msDefaultImage\" title=\"schulfest_ausstellung_DWit-5117\" \/><\/li>\n                <li style=\"display: none; width: 100%;\" class=\"slide-607 ms-image \" aria-roledescription=\"slide\" data-date=\"2019-02-04 18:20:26\" data-filename=\"schulfest_ausstellung_DWit-5113-1200x450.jpg\" data-slide-type=\"image\"><img loading=\"lazy\" decoding=\"async\" src=\"https:\/\/gruenlandschule.de\/wordpress\/wp-content\/uploads\/2019\/02\/schulfest_ausstellung_DWit-5113-1200x450.jpg\" height=\"450\" width=\"1200\" alt=\"\" class=\"slider-370 slide-607 msDefaultImage\" title=\"schulfest_ausstellung_DWit-5113\" \/><\/li>\n                <li style=\"display: none; width: 100%;\" class=\"slide-608 ms-image \" aria-roledescription=\"slide\" data-date=\"2019-02-04 18:20:26\" data-filename=\"osterbasteln_kind_MG_0256-1200x450.jpg\" data-slide-type=\"image\"><img loading=\"lazy\" decoding=\"async\" src=\"https:\/\/gruenlandschule.de\/wordpress\/wp-content\/uploads\/2019\/02\/osterbasteln_kind_MG_0256-1200x450.jpg\" height=\"450\" width=\"1200\" alt=\"\" class=\"slider-370 slide-608 msDefaultImage\" title=\"osterbasteln_kind_MG_0256\" \/><\/li>\n                <li style=\"display: none; width: 100%;\" class=\"slide-609 ms-image \" aria-roledescription=\"slide\" data-date=\"2019-02-04 18:20:26\" data-filename=\"Kirche_DWit-1599-1200x450.jpg\" data-slide-type=\"image\"><img loading=\"lazy\" decoding=\"async\" src=\"https:\/\/gruenlandschule.de\/wordpress\/wp-content\/uploads\/2019\/02\/Kirche_DWit-1599-1200x450.jpg\" height=\"450\" width=\"1200\" alt=\"\" class=\"slider-370 slide-609 msDefaultImage\" title=\"Kirche_DWit-1599\" \/><\/li>\n                <li style=\"display: none; width: 100%;\" class=\"slide-610 ms-image \" aria-roledescription=\"slide\" data-date=\"2019-02-04 18:20:26\" data-filename=\"Buju18-2-1200x450.jpg\" data-slide-type=\"image\"><img loading=\"lazy\" decoding=\"async\" src=\"https:\/\/gruenlandschule.de\/wordpress\/wp-content\/uploads\/2018\/11\/Buju18-2-1200x450.jpg\" height=\"450\" width=\"1200\" alt=\"\" class=\"slider-370 slide-610 msDefaultImage\" title=\"Buju18-2\" \/><\/li>\n            <\/ul>\n        <\/div>\n        \n    <\/div>\n<\/div>[\/vc_column_text][\/vc_column][vc_column width=&#8220;1\/6&#8243;][\/vc_column][\/vc_row][vc_row][vc_column width=&#8220;1\/6&#8243;][\/vc_column][vc_column width=&#8220;1\/2&#8243;][vc_column_text]<\/p>\n<p><strong>Erziehung zur gegenseitigen Achtung<\/strong><\/p>\n<p>Wir legen Wert auf verbindliche Umgangsformen:<\/p>\n<ul>\n<li>Hilfsbereitschaft<\/li>\n<li>R\u00fccksichtnahme<\/li>\n<li>H\u00f6flichkeit<\/li>\n<li>Regeln des friedlichen Zusammenlebens einhalten<\/li>\n<li>Projekt &#8222;Fair Leben&#8220;<\/li>\n<li>gegenseitige Achtung<\/li>\n<\/ul>\n<p><strong>Wir stimmen mit dem Elternhaus die Erziehungsarbeit im Interesse des Kindes ab:<\/strong><\/p>\n<ul>\n<li>Regelm\u00e4\u00dfige Gespr\u00e4che<\/li>\n<li>Gemeinsame p\u00e4dagogische Veranstaltungen<\/li>\n<li>Vereinbarungen bei Schwierigkeiten<\/li>\n<li>Aktive Beteiligung der Eltern am Schulleben unter der Mithilfe der Elternvertreterinnen und -vertreter<\/li>\n<\/ul>\n<p><strong>Zusammenleben will gelernt sein.<\/strong><\/p>\n<p>&nbsp;<\/p>\n<p><span class=\"Apple-converted-space\">\u00a0<\/span>[\/vc_column_text][\/vc_column][vc_column width=&#8220;1\/6&#8243;][vc_single_image image=&#8220;199&#8243; img_size=&#8220;full&#8220; el_id=&#8220;kurzmessage_header&#8220; css=&#8220;.vc_custom_1547815378894{margin-bottom: 0px !important;}&#8220;][vc_column_text el_id=&#8220;kurzmessage_content&#8220; css=&#8220;.vc_custom_1547815401100{padding-right: 10px !important;padding-left: 10px !important;background-color: #dcefef !important;}&#8220;]<b>Einige unserer besonderen Auszeichnungen<\/b><\/p>\n<p><strong>2016\/2017:<\/strong> Rezertifizierung als GSB-Schule &#8222;Grundschule mit sport- und bewegungserzieherischem Schwerpunkt&#8220; \u2013<strong> Sportprofil<span class=\"Apple-converted-space\">\u00a0<\/span><\/strong><\/p>\n<p><strong>2013\/2014:<\/strong> Auszeichnung: Selbstst\u00e4ndige Schule mit SCHULE WIRTSCHAFT Baden-W\u00fcrttemberg + MTO \/Psychologische Forschung und Beratung GmbH + Arbeitgeberverband Baden-W\u00fcrttemberg<\/p>\n<p><strong>2012:<\/strong> <strong>Kunst.Klasse-Preis<\/strong> der Stiftung Ravensburger f\u00fcr die Erweiterung und Umgestaltung unseres Schulhofes<\/p>\n<p><strong>2010:<\/strong> Zertifizierung unseres qualit\u00e4tszentrierten Schulentwicklung: Qualit\u00e4tssiegel QZS \u2013 Wir tragen das <strong>G\u00fctesiegel \u201aQualit\u00e4tszentrierte Schulentwicklung\u2018<\/strong><span class=\"Apple-converted-space\">\u00a0\u00a0<\/span>des Ministeriums: Schule \u2013 Wirtschaft<\/p>\n<p><strong>2003:<\/strong> Unsere Schule wurde vom Ministerium f\u00fcr Kultus und Sport<span class=\"Apple-converted-space\">\u00a0<\/span>ausgezeichnet mit dem Pr\u00e4dikat <strong>\u201aGrundschule mit sport- und bewegungserzieherischem Schwerpunkt\u2018<\/strong>.[\/vc_column_text][\/vc_column][vc_column width=&#8220;1\/6&#8243;][\/vc_column][\/vc_row]<\/p>\n<\/div>","protected":false},"excerpt":{"rendered":"<p>[vc_row][vc_column width=&#8220;1\/6&#8243;][\/vc_column][vc_column width=&#8220;2\/3&#8243;][vc_column_text][\/vc_column_text][\/vc_column][vc_column width=&#8220;1\/6&#8243;][\/vc_column][\/vc_row][vc_row][vc_column width=&#8220;1\/6&#8243;][\/vc_column][vc_column width=&#8220;1\/2&#8243;][vc_column_text] Erziehung zur gegenseitigen Achtung Wir legen Wert auf verbindliche Umgangsformen: Hilfsbereitschaft R\u00fccksichtnahme H\u00f6flichkeit Regeln des friedlichen Zusammenlebens einhalten Projekt &#8222;Fair Leben&#8220; gegenseitige Achtung Wir stimmen mit dem Elternhaus die Erziehungsarbeit im Interesse des Kindes<\/p>\n","protected":false},"author":1,"featured_media":145,"parent":0,"menu_order":0,"comment_status":"closed","ping_status":"closed","template":"","meta":{"footnotes":""},"class_list":["post-14","page","type-page","status-publish","has-post-thumbnail","hentry"],"_links":{"self":[{"href":"https:\/\/gruenlandschule.de\/wordpress\/wp-json\/wp\/v2\/pages\/14","targetHints":{"allow":["GET"]}}],"collection":[{"href":"https:\/\/gruenlandschule.de\/wordpress\/wp-json\/wp\/v2\/pages"}],"about":[{"href":"https:\/\/gruenlandschule.de\/wordpress\/wp-json\/wp\/v2\/types\/page"}],"author":[{"embeddable":true,"href":"https:\/\/gruenlandschule.de\/wordpress\/wp-json\/wp\/v2\/users\/1"}],"replies":[{"embeddable":true,"href":"https:\/\/gruenlandschule.de\/wordpress\/wp-json\/wp\/v2\/comments?post=14"}],"version-history":[{"count":27,"href":"https:\/\/gruenlandschule.de\/wordpress\/wp-json\/wp\/v2\/pages\/14\/revisions"}],"predecessor-version":[{"id":817,"href":"https:\/\/gruenlandschule.de\/wordpress\/wp-json\/wp\/v2\/pages\/14\/revisions\/817"}],"wp:featuredmedia":[{"embeddable":true,"href":"https:\/\/gruenlandschule.de\/wordpress\/wp-json\/wp\/v2\/media\/145"}],"wp:attachment":[{"href":"https:\/\/gruenlandschule.de\/wordpress\/wp-json\/wp\/v2\/media?parent=14"}],"curies":[{"name":"wp","href":"https:\/\/api.w.org\/{rel}","templated":true}]}}